actors of p.
283
Let n be 0 - 0 - 1/(-1). Suppose -12 - 8 = 4*c + 2*m, 0 = -5*c - 4*m - 31. Let f = n - c. List the prime factors of f.
2
List the prime factors of (-1)/(4/(-4 - 428)).
2, 3
Let x be 0 + -1 + (-1 - -3). Let v be 6/(-9) - x/3. What are the prime factors of 2/((-4)/v)*4?
2
Let p be 1 + -3 + (-12)/(-2). Let y be (8/(-4))/(p/50). What are the prime factors of (-40)/y + (-2)/(-5)?
2
Suppose -2*g = -84 - 20. Let m = -31 + g. List the prime factors of m.
3, 7
Let p(l) = -l - 5. Let y be p(-5). Suppose -t + y*t = -30. Suppose 2*g + 3*g - t = 0. What are the prime factors of g?
2, 3
Let o(h) = -h**2 + 6*h. Let j be o(7). Let a(q) = -q**3 - 7*q**2 - q - 1. Let f be a(j). List the prime factors of 3*(20/f + -1).
7
Suppose -20 = -4*y - 0. Suppose -s + y = 1. What are the prime factors of s?
2
Let k(t) = -5 + 3 + 3 - 5*t + t + t**2. What are the prime factors of k(5)?
2, 3
Let u(f) = f**2 - 10*f + 5. What are the prime factors of u(10)?
5
Let p = -92 - -159. What are the prime factors of p?
67
Let m = 46 - 28. Let o(l) = l**2 - 13*l + 2. Let d be o(13). What are the prime factors of 1 + (m/3)/d?
2
Let z(s) = -s**2 - 1. Let t(d) = -5*d**2 - d - 10. Let w(n) = t(n) - 6*z(n). List the prime factors of w(3).
2
Let v be 12*((-2)/4)/(-1). Suppose 4*n = n + v. What are the prime factors of n?
2
Let m(d) = d**2 - 10*d - 2. Let l be m(11). Let c = -10 + l. Let w(t) = -5*t + 1. What are the prime factors of w(c)?
2, 3
Let n(r) = 2*r**2 - 10*r + 2. Let a be n(7). Suppose 2*x - 10 = -5*u + 2, 5*x - a = -4*u. What are the prime factors of x?
2, 3
Suppose 2*r - 2*g = 140, 2*r - 155 = -4*g + g. List the prime factors of r.
73
Let l(j) = -j**3 - 3. Let y = 6 - 9. Let s be l(y). Suppose -3*u + s - 6 = 0. List the prime factors of u.
2, 3
Let x(z) = 225*z**2 + 4*z + 1. List the prime factors of x(1).
2, 5, 23
Suppose -d - 4 = 1. What are the prime factors of (-2 - d)*20/6?
2, 5
Suppose 3*m = 7*m - 12, 4*h + 1 = 3*m. What are the prime factors of h?
2
Let l(f) = f**2 - 2*f - 8. What are the prime factors of l(6)?
2
Let r(m) = -m - 3. Let o be r(3). Let k be (-2 - o) + 2 + -1. Let u = -1 + k. What are the prime factors of u?
2
Let u be -4*(2/(-8) + -3). Suppose 3*m + u = 40. What are the prime factors of m?
3
Let a(x) = x**2 + 3*x + 1. Let s be a(-3). Let m = s + 1. Suppose 6*t = m*t + 36. List the prime factors of t.
3
Let h(i) = 65 - 3*i - 34 - 35 + 2*i**2. Suppose 4*d - 14 + 2 = 0. What are the prime factors of h(d)?
5
Let u = -9 - -17. What are the prime factors of u?
2
Let q(l) = -6 + 11*l + 3 + 12*l**2 + l**3 - l - 6. Let c be q(-11). Suppose -t + 8 = c*p - 9, p - 6 = -t. What are the prime factors of p?
11
Let i = -90 - -290. What are the prime factors of i?
2, 5
Suppose -21 = -z - 0*z. List the prime factors of z.
3, 7
Let z(q) = 2*q + 13. Let x = -6 - -18. What are the prime factors of z(x)?
37
Suppose 0 = 3*n + 5*d - 174, -5*n + 152 = 2*d - 157. What are the prime factors of n?
3, 7
Let i = 36 - -1. Let d = 60 - i. What are the prime factors of d?
23
Let r(b) = b**2 + b - 1. Suppose -16 = -0*x + 4*x. Let s(w) = w**3 + 3*w**2 - 2*w + 4. Let k be s(x). List the prime factors of r(k).
11
Suppose -7*m + 2*m = 10. Suppose -3*s = -5*s + 12. What are the prime factors of (-5)/m*(-2 + s)?
2, 5
Let w = 4 + -2. Suppose -g - 2*r = 2, -5*g + w*r + 12 = -g. What are the prime factors of g?
2
Let r be (-76)/(-3) - 4/(-6). Suppose 3*l - 12 = -l, -34 = 2*f - 2*l. Let u = r + f. What are the prime factors of u?
2, 3
What are the prime factors of 12/(-72) - (-241)/6?
2, 5
Let b be (-4)/(-14) - 6/21. What are the prime factors of ((-24)/(-1) - 1) + b?
23
Suppose c - 5 = -0*c. Suppose -c*m - 11 = 3*a, -2*a + 2*m = -10 - 4. Suppose -a*i = -i - 4. What are the prime factors of i?
2
What are the prime factors of 5*(4 + (2 - 4))?
2, 5
Let x be 96/5 - (-3)/(-15). Let w = -1 + 1. Suppose 0*c + c - 5*n - x = w, 10 = -5*n. List the prime factors of c.
3
Let k be ((-4)/14)/(3/(-21)). Suppose b - k*b + 3 = 0. Let u = b - -4. What are the prime factors of u?
7
Let l(j) = 3*j**2 + 3*j + 1. Let m be l(-4). Let q = 68 - m. Suppose -2*b + q = 3. List the prime factors of b.
2, 7
List the prime factors of 132/55*160/6.
2
List the prime factors of ((-54)/9)/(1/(-14)).
2, 3, 7
Suppose 5*h - 217 = 343. Suppose k - 11 = 3*c - h, -c = -4*k - 52. List the prime factors of c.
2
Suppose -12*c = -6*c - 1512. List the prime factors of c.
2, 3, 7
Suppose 8*q = 342 + 194. List the prime factors of q.
67
Let t = 12 + -19. Let k = t + 46. List the prime factors of k.
3, 13
Let s(m) = 8*m**3 + 5*m**2 - 8*m - 2. What are the prime factors of s(3)?
5, 47
What are the prime factors of ((-14)/35)/(1/(-90))?
2, 3
Let f(k) = k**2 + 4*k + 2. Let w(a) = -2*a**2 - 9*a - 5. Let v(n) = -9*f(n) - 4*w(n). Let c be v(2). What are the prime factors of 2 - c/(-1 + 3)?
3
Suppose 0 = -7*q + 2*q + 570. List the prime factors of q.
2, 3, 19
What are the prime factors of 2/(-4) - (-415)/10?
41
Suppose 0 = -5*b + 16 + 19. Suppose 2*r - 43 = b. List the prime factors of r.
5
Let i = 38 + 62. List the prime factors of i.
2, 5
Suppose -1470 = -40*n + 33*n. What are the prime factors of n?
2, 3, 5, 7
Let i = -118 - -174. What are the prime factors of 72/(-32)*i/(-3)?
2, 3, 7
Let a be (-6 - 0)/(1/(-15)). Suppose -4*q + a + 14 = 0. What are the prime factors of q?
2, 13
Let x = -62 - -202. List the prime factors of x.
2, 5, 7
Suppose 2*x + 0 - 98 = 0. List the prime factors of x.
7
Let a be 2 - (216/(-2))/3. Suppose -y + 3*o = -19, -4*o - a = -3*y + 4. Suppose 2*l + y = 2, 5*l + 64 = 4*k. List the prime factors of k.
11
Let o = -12 + 13. Let x = 11 - o. What are the prime factors of x?
2, 5
Suppose 13 + 59 = -4*w. Let f = -5 - w. List the prime factors of f.
13
Suppose -2*z - 76 + 6 = 0. List the prime factors of (-112)/z - 1/5.
3
Let d be 6*2/4*-2. Let t be 564/9 - (-4)/d. What are the prime factors of t/6 + (-16)/(-24)?
11
Let p be (2/(-4))/(2/(-8)). Let f = p - -1. Suppose -7 = -i - 0*a - 2*a, 0 = -f*a + 3. List the prime factors of i.
5
Suppose -20 = -4*k, 0 = f - 0*f - 5*k + 25. Suppose f = -4*a - 5*d + 169, 55 = a - 6*d + 3*d. List the prime factors of a.
2, 23
Let a(t) = 3*t + 1. Let n(p) = -4*p - 1. Let h(r) = -5*a(r) - 4*n(r). Let q be h(4). Suppose -2*k - 2 = -q*z - 3, -3*z = -15. List the prime factors of k.
2
Let q = 0 + 3. Let o = -8 - -10. Suppose -7 = k - q*i - o*i, -2*i - 8 = -4*k. List the prime factors of k.
3
Let n(g) = g**3 + 13*g**2 + 8*g - 4. What are the prime factors of n(-12)?
2, 11
Let h(i) = i + 34. What are the prime factors of h(0)?
2, 17
Let p be 1/(2 + (-1 - 2)). Let o(g) = g**3 - 6*g**2 + 6*g - 1. Let x be o(5). Let n = x - p. What are the prime factors of n?
5
Let p(w) = -w**2 + 2. Let k be p(0). Let o be (0/k)/(-8 - -7). Suppose 2*t - t - 9 = o. List the prime factors of t.
3
Let d(y) = 4*y - 10. Let q = 21 - 13. List the prime factors of d(q).
2, 11
Suppose -3*p + 8 = 2*g - g, -4*g - 4*p + 16 = 0. Suppose -20 = -2*a + 3*r - g*r, 3*a = -2*r + 30. List the prime factors of a.
2, 5
Let z = 186 - -212. List the prime factors of z.
2, 199
Suppose -2*u = 2*u. Suppose -v = -0*v. Suppose v*w + w + 6 = n, -3*n + 2*w + 20 = u. List the prime factors of n.
2
Let p(n) = n**3 + 9*n**2 + 5*n + 1. Let i be p(-6). Suppose o - i = -27. What are the prime factors of o?
2, 13
Let r be (22/(-6))/(1/(-3)). Suppose -r = -4*p - 3*j, -2*p + 7*j - 4*j = -1. Suppose -f + p*f - 3*h = 2, 4*h = 0. What are the prime factors of f?
2
Let j(a) = a**3 - a**2 - a + 28. Let x be j(0). Suppose -4*c = -4*p + x, 0*c + 31 = 4*p - c. List the prime factors of p.
2
List the prime factors of 5 - 282/(-3) - (0 + 0).
3, 11
Let z be 0 + 43 - (1 + -2). Suppose -3*a - z = -7*a. What are the prime factors of a?
11
Let k(i) = i**3 + 10*i**2 + 8*i - 4. Let v = -6 - 3. Let s be k(v). Suppose 4*z = 65 - s. What are the prime factors of z?
3, 5
Let u be -7 + 2*1/(-1). Let x be (-4)/4*u/1. Suppose 0 = -0*a - a + x. What are the prime factors of a?
3
Let y(z) be the first derivative of -1/4*z**4 + 3*z + 1 + 4/3*z**3 + 1/2*z**2. What are the prime factors of y(4)?
7
Let b = 86 + 35. List the prime factors of b.
11
List the prime factors of 2/14 + (-4008)/(-21).
191
Let f = 45 - 69. List the prime factors of f/(-56) - (-102)/7.
3, 5
Let y = 133